, -f + 4 = -3*t + 25. Suppose -t = 4*o - 18, 2*s + 5*o = 41. What is the tens digit of s?
1
Let m(y) = -y**3 + y**2 - y - 4. Let z be m(0). Let v be (-1)/z + 76/16. Suppose -2*r + h + 2*h + 6 = 0, 15 = v*r - 4*h. What is the units digit of r?
3
Suppose 396 = 2*w - 0*h + h, -5*w = 5*h - 990. What is the tens digit of w?
9
Suppose 384 = 10*g - 4*g. What is the units digit of g?
4
Suppose 3*n - 4*u = -8*u + 101, 5*u = -20. What is the units digit of n?
9
Suppose -3*a - 2*a + 210 = 0. What is the tens digit of (32/24)/(4/a)?
1
Let b be 12/(-10)*(-20)/6. Suppose g - 20 = -b*g. What is the units digit of g?
4
Let a = -50 + 165. Suppose -3*n + p + a = 0, -8*n + 3*p = -4*n - 145. What is the tens digit of n?
4
Let h(i) = 3*i**2 - i - i + i - 1. Suppose -5*q + 5 = 5*k - 0, -4 = -2*k. What is the units digit of h(q)?
3
Let t = 4 - 1. Suppose -5*g + 30 = t*x, 0 = 5*x - x + 3*g - 29. What is the tens digit of (-3)/x + (-58)/(-5)?
1
Suppose -2*d + 2*b = b - 7, 3*d - 2*b - 12 = 0. Suppose 32 - 102 = -d*k. What is the tens digit of k?
3
Let v(x) = -128*x - 24. What is the units digit of v(-3)?
0
Let g(f) = 3*f**2 + f**2 - 5*f**2 - 6 + 8*f. Let s(n) = n**2 - 3*n - 3. Let m be s(5). What is the units digit of g(m)?
1
Let q = 3 + -7. What is the units digit of (4/6)/(q/(-6))?
1
Suppose -6*v + 4*v + 186 = 0. What is the tens digit of v?
9
Suppose 5*n + s = 575, 84 - 659 = -5*n - 3*s. What is the units digit of n?
5
Suppose a = -2*h + 9, -4*h - 3 = 2*a - 7*a. What is the units digit of (-2)/(2/(-35)) - a?
2
Let d = -11 + 11. Suppose 0 = -4*z + 5*t + 24 + 66, -2*z + 4*t + 48 = d. What is the tens digit of z?
2
Let j(o) = o**3 + 7*o**2 - o - 2. Let m be j(-7). Let h(r) = 10*r + 3. What is the units digit of h(m)?
3
Suppose -2*r - 2 = 0, 2*v + 5*r + 22 = 3*v. Suppose -4*d - v = -m, 3*m + d = -4 + 42. What is the tens digit of m?
1
Let p(f) = f**3 + 4*f**2 + 2*f - 1. Let o be p(-2). Let v(i) = -2*i + o - 2*i + 0 - 1. What is the units digit of v(-3)?
4
Let q be -2 + 0 + 1 + 7. Suppose 20 = -c + q*c. What is the units digit of c?
4
Let t be ((-2)/5)/(5/25). Let m be 3/t*12/(-9). What is the units digit of 7 - m - 0/1?
5
Let g = -40 + 49. What is the units digit of g?
9
Suppose 0 = -4*p - 4*h + 12, -3*p - h - 1 = -3*h. What is the units digit of (-3)/p*(-5)/3?
5
Let l = 56 + -31. What is the tens digit of l?
2
Let p(n) = -n. Suppose 2*r - 2*o + 28 = 6, 5 = r - 5*o. Let f be ((-18)/r)/((-1)/5). What is the units digit of p(f)?
6
Suppose 73 = 3*m - 23. Let i = 47 - m. What is the tens digit of i?
1
Suppose -3*a + 60 + 45 = 0. What is the units digit of a?
5
Suppose f + 2*f = 75. What is the units digit of f?
5
Suppose -4*r + 6 = u - 13, 14 = 2*r - 4*u. Suppose -r*x = -x - 24. Suppose 2*z = x*z - 68. What is the units digit of z?
7
Suppose 0 = -0*a - 2*a + 88. What is the units digit of a?
4
What is the tens digit of (-2)/7 + 258/21?
1
Suppose 0 = 4*m - 3*n, -3*m = -0*n - 5*n. Suppose -f + v + 9 = m, 0*v - 2*v = -4*f + 38. What is the tens digit of f?
1
Suppose -5*i + p = -4*p, 5*p = -i + 18. Suppose -i*u - 4*l + 4 = 0, 5 = -l - 0*l. What is the units digit of u?
8
Let b(n) = 2*n**2 + 6*n + 24. What is the units digit of b(7)?
4
Let m = 136 + -135. What is the units digit of m?
1
What is the units digit of 2 + 4 + -3 + 1?
4
Let a(f) = -f + 9 - 8 + 0*f. Let w be a(7). What is the units digit of (w + -2)*2/(-4)?
4
Let d = 17 - 12. Let n = 7 + d. What is the tens digit of n?
1
Suppose -6*q + 4*q + 4 = 0. Suppose g + 8*l - 5*l - 1 = 0, -g + q*l = -11. What is the units digit of g?
7
Let u = 2 - -7. What is the units digit of u?
9
Let f(m) = 23*m**2 + m. Let z be -2*2*(-3)/12. Let l be f(z). Let p = l - 12. What is the units digit of p?
2
What is the tens digit of (-21)/(-14) + 57/2?
3
Let p(z) = -z**3 - 26*z**2 - 30*z + 8. What is the hundreds digit of p(-25)?
1
Let z = 319 + -182. What is the tens digit of z?
3
Suppose -519 = -5*z + 2*c, 0*z + 507 = 5*z + 4*c. What is the hundreds digit of z?
1
Suppose 0 = -3*b + 19 + 2. Let z = -2 + b. Suppose 0 = -3*x - z + 41. What is the units digit of x?
2
What is the units digit of (0 - -157) + -1 + (-5)/(-1)?
1
Let i(o) = -o**3 + 8*o**2 + 12*o + 1. Let q(j) = -j**3 + 5*j**2 - 2*j + 1. Let c be q(4). What is the units digit of i(c)?
8
Suppose 0 = 7*r - 6*r - 17. What is the units digit of r?
7
Suppose -5*t = -3*t - 110. What is the units digit of t?
5
Let i(a) = a**3 + a + 34. What is the tens digit of i(0)?
3
Suppose -2*z - 2 = 4*t, -5*z + 2*t + 13 = -2*z. Suppose -10 = -4*b - 5*u, -b - 3*u = 2*b - 6. Suppose -h + z*h - 6 = b. What is the units digit of h?
3
Let b be 10*(-16)/(-10)*1. Let r = 8 + b. What is the units digit of r?
4
Suppose 167 = -7*x + 958. What is the tens digit of x?
1
Let n(k) be the first derivative of k**3/3 + 3*k**2/2 - 3*k + 2. Let l be n(-4). Suppose 5*m = 26 - l. What is the units digit of m?
5
Suppose 3*f = -2*f + 130. What is the tens digit of f?
2
Let p be (-2)/(1 + (-10)/6). Suppose 3*s - 34 = -3*g + 26, p*g - 3*s - 78 = 0. What is the units digit of g?
3
What is the tens digit of (-5)/(4 + 52/(-12))?
1
Suppose 0 = 3*r - 83 - 193. What is the tens digit of r?
9
Let a(b) = -b + 11. Let j be a(11). Let o be (3/(-6) - -1)*j. Suppose o = -r + 2 - 5, -5*f + r + 28 = 0. What is the units digit of f?
5
Suppose -m - 15 = -4*m. Let b be (14/(-4))/((-1)/4). Suppose -b = m*a - 59. What is the units digit of a?
9
Let a = -22 + 57. What is the tens digit of a?
3
Let n be -2 - (-10)/(-2 - -4). Suppose -n*x - 6 = 0, -4*a = a - x - 47. What is the units digit of a?
9
What is the tens digit of 94/4 - 5/(-10)?
2
Let d(n) = 0*n**2 + 13 + n**2 + 3*n - 4. What is the tens digit of d(-5)?
1
Suppose -5*n + 18 = 3*j - 52, 2*j = -5*n + 75. What is the units digit of n?
7
What is the hundreds digit of 23628/84 - (-2)/(-7)?
2
Suppose 78 = -5*h + 11*h. What is the tens digit of h?
1
Let d(y) = -y**3 + 3*y**2 + 2*y - 1. Suppose 4*j = 3*i, -i + 12 = 4*j - 4. Let s be d(j). Let a = 1 + s. What is the units digit of a?
6
Suppose 0*b = 4*b. Suppose -5*g + t + 30 = 0, b*t + t - 33 = -4*g. What is the units digit of g?
7
Suppose 2*o = -5*b + 80, 3*b + 0*b - 3*o = 69. What is the units digit of b?
8
What is the tens digit of 14*5/((-70)/(-12))?
1
Suppose n = -0*g - 5*g + 17, -3*g - 1 = -5*n. Suppose -d - d - m = -3, 0 = -n*d - 3*m + 5. What is the units digit of d?
1
Let o be 1*(1 + -2 - -4). Suppose 4*i - o*i = 1. Suppose i = -g + 2*g. What is the units digit of g?
1
Let h = 140 + -45. What is the units digit of h?
5
Let i = 21 - 15. Let u = 10 - i. What is the units digit of u?
4
Let u(f) = 16*f - 16. Let q be u(7). Suppose 0 = -2*s - 0*s + q. What is the units digit of s?
8
Suppose -5*q = 20, 3*q + 35 = -5*m + 8*q. Let a = -7 - m. Suppose 5*t + 5*z + 0*z = 0, -28 = -a*t + 3*z. What is the units digit of t?
4
Let c(i) = i**3 + 7*i**2 - 13*i - 11. What is the tens digit of c(-8)?
2
Suppose 0 = 3*n - 78. What is the tens digit of n?
2
What is the tens digit of 3/9 - (-4 + 814/(-6))?
4
Let n(h) = h**3 - 2*h**2 - 2*h + 3. Suppose 0 = -2*d + 3*w + 20, 3*d + 3*w = -2*d + 8. Let p be n(d). Let r = p + -19. What is the units digit of r?
8
Suppose 0 = -4*g, -4*m + 15 + 1 = -5*g. Suppose 7*o - m*o = 15. Suppose o*a - 68 + 28 = 0. What is the units digit of a?
8
Let i be (1/(-3))/(17/255). Let l(o) = o**3 + 7*o**2 + 9*o + 11. What is the tens digit of l(i)?
1
Let o be (-2)/(3 - (-2 - -4)). Let z(c) = -5 + 5 + c + 3*c**2 + c**3. What is the units digit of z(o)?
2
Suppose 3*l = 4*s + 2, 2*s + l + 3*l - 10 = 0. What is the units digit of s + 1/(3/9)?
4
Let g(u) = 2*u - 3. Let v be g(4). Suppose -v*n + n + 2*m = -22, -n - 17 = -5*m. What is the units digit of n?
8
Suppose 11 = 3*h + 5. What is the units digit of (-3 + -3)/h + 17?
4
Let n = 42 + -17. What is the tens digit of n?
2
Let i = -69 + 118. What is the units digit of i?
9
Suppose 3*x + 5*g = 0, g = 3*x + 2*x. Suppose h + h - 12 = x. What is the units digit of h?
6
Let s(j) = j**2 + 1. Let w be s(0). Let b = w - -7. What is the units digit of b?
8
Let g(r) = r**2 + 2*r + 2. Let n be g(-2). Suppose 3*v = 3, f = -3*f - n*v + 10. What is the units digit of f?
2
What is the tens digit of ((-820)/(-30))/((-4)/(-6))?
4
Suppose q + 3*s = -2*s + 26, s - 78 = -3*q. What is the tens digit of q?
2
Suppo